 40/m*(1 - (-52)/16) a composite number?
True
Let w = -123158 + 325749. Is w prime?
True
Let q = -2308 + 20967. Is q a composite number?
True
Let u(s) be the third derivative of s**5/6 - s**4/3 + 59*s**3/6 - 8*s**2 + s. Is u(8) composite?
True
Let g = -6 - -5. Let h be 0*g/1*1. Is 1152 + 4/(-4) + h/(-1) a prime number?
True
Let h(s) = -83*s**2 + s - 3. Let r be h(2). Let i be r/(-4) + 4/(-16). Suppose -i = -2*g + 19. Is g composite?
True
Let l be (12/15)/(29/580). Suppose 0 = l*d - 13*d - 61833. Is d a composite number?
False
Suppose 119*p - 226154 + 48392 = 2361817. Is p a composite number?
False
Suppose 559538 + 470072 = 10*a. Is a a composite number?
True
Is (-96835336)/78*(-78)/104 a prime number?
False
Suppose 0 = -3*x + 3*b - 15, -28 = 5*x + 5*b + 17. Let u(h) = -7*h**3 - 13*h**2 + 13. Is u(x) a composite number?
False
Is (-2108396)/10*7/70*-25 a composite number?
False
Suppose 0 = 15*m - 6315838 - 28166372 + 165555. Is m prime?
True
Let p be (-225)/(-15) + (2 - -2). Let d = 22 - p. Let r(u) = 392*u + 27. Is r(d) a composite number?
True
Let c(k) = 10*k**2 - 5*k + 1. Let p be 0 + 0/4 - 3. Let g be c(p). Let n = g - 59. Is n prime?
True
Let o(f) = -f**2 + 2*f + 8. Let b be o(3). Suppose -2*r + 1929 + 2940 = -b*a, 5*r + 2*a = 12187. Is r a composite number?
False
Suppose -v + 9 = 7, -4*k = 4*v - 145472. Is k/4 + (-32)/64 prime?
True
Is 2510421/33 + 180/(-495) composite?
True
Let a = 449717 + 13566. Is a a composite number?
False
Suppose -s + 776167 = 3*u, u - 5*s - 90115 = 168586. Is u composite?
False
Suppose 0 = 6*r - 12*r + 10890. Suppose -5*m + 12615 = -2*x, 4*m - 8264 = -x + r. Is m prime?
True
Let o(p) = -45*p - 2. Let f(z) = -66*z**2 + 2. Let t be f(-2). Let m be (-4)/14 - t/(-14). Is o(m) composite?
False
Let k = 677 - 668. Suppose 4*m = -4*r + 22932, -4*m + 22964 = -k*r + 5*r. Is m prime?
True
Let k = 834193 - 336308. Is k a prime number?
False
Let s be 7/(-5*4/20). Let t(j) = 52*j**2 - 12*j - 3. Is t(s) composite?
True
Is ((-328)/41 - (4 + (-212660 - 0))) + -1 composite?
True
Let g = -56 - -61. Suppose g*v - 4 - 21 = 0. Suppose 3*d - i + v*i - 433 = 0, i = 1. Is d prime?
False
Let k = 754413 + -505148. Is k a composite number?
True
Let u = 4 - 1. Suppose 5*g - 5*m = -2265 + 14295, -m - 7220 = -u*g. Is g prime?
False
Suppose m = 3*i + 743263, -38*m - 2*i = -40*m + 1486510. Is m a prime number?
True
Let d(w) be the third derivative of 19*w**8/1120 - w**7/1260 + w**5/40 - 4*w**4/3 + 24*w**2. Let m(l) be the second derivative of d(l). Is m(2) prime?
True
Let f be (5834*9/18)/(2/2). Suppose -f = -5*l + 17128. Is l a composite number?
True
Let c(d) = -254186*d - 287. Is c(-3) prime?
False
Let z be (1 - -18)*(9/(-9) - 1). Is 72831*(z/(-190))/(3/5) composite?
True
Let i = 60 - 58. Is i/(-32) + (-295353)/(-144) composite?
True
Suppose -94 - 6 = -5*v. Suppose 0 = -27*d + v*d + 21399. Is d prime?
False
Let s(r) = r**2 + 17*r + 27. Let d be s(-15). Is ((1 + 0)*d)/((-9)/4569) composite?
False
Is (87/((-39933)/(-73698774)))/(4/18) a prime number?
True
Let c be 3*(4/(-2) - 371). Let m = 5802 + c. Suppose 3*d - 3*w = m, -812 = -d - 5*w + 737. Is d prime?
True
Let z(r) = r**3 + 3*r**2 - 1. Let b be 7/((-28)/12) + 39. Suppose q + 32 - b = 0. Is z(q) a composite number?
True
Let h(n) = 17*n**2 - 5*n + 305. Is h(27) a composite number?
True
Let d be (-9*49)/(-10 - (-5 - 4)). Suppose -x - 4*n + 157 = -d, 2945 = 5*x + 5*n. Is x a composite number?
True
Let v = 42 - 38. Let o be v/((-40)/(-425))*4. Suppose 4*c - o - 546 = 0. Is c a composite number?
False
Let m = 102756 - 54979. Is m a prime number?
True
Suppose -7928923 + 1642446 = -5*c - 2*n, -5*c + n = -6286459. Is c a prime number?
True
Let h(m) = -4*m**3 + 6*m**2 + 8*m - 5. Let r be h(-7). Let o = 15914 + r. Is o a prime number?
True
Let d(x) = -124*x + 12. Let h(i) = -126*i + 13. Let k(w) = 2*d(w) - 3*h(w). Is k(26) a prime number?
False
Let c be (-150)/22 - ((-42)/11 + 4). Let p = 5 + c. Is (1007/p)/((-9)/18) composite?
True
Suppose 23*b - 81*b = -14855482. Is b a composite number?
False
Suppose 857389 = 10*o - 2113151. Suppose -29*m + o = -2*m. Is m composite?
True
Let u be -3*(3 + -2) - -6. Let d(f) = -744*f + 59. Let c be d(-12). Suppose 0*o + 9003 = 3*o - u*h, -3*o + c = 5*h. Is o a prime number?
True
Let z(x) = 13*x**2 - x + 7. Let l be z(-3). Suppose -l*r - 875 = -122*r. Let j = r + 302. Is j a composite number?
False
Let d = -251639 - -493020. Is d a prime number?
False
Let a = -2244126 + 3531605. Is a a composite number?
False
Suppose 5*o = s + 8, -s - 2*o + 0 + 6 = 0. Suppose -s*n = -5*b + 40096, -n - 32078 = -4*b + n. Suppose 26*h = 24*h + b. Is h composite?
True
Let b(x) = 91 + 362*x + 1470*x + 576*x. Is b(5) a composite number?
True
Let t(j) = 691*j**2 - 8*j + 121. Is t(-6) a composite number?
True
Let k(g) = -g**3 + 4*g**2 - g. Let r be k(4). Is 129*r/((-36)/51) a prime number?
False
Suppose 523*p - 19493708 = 471*p. Is p composite?
False
Let d be 6*((-5)/(-2) + -2) - 1. Let n(k) = k**3 - 8*k**2 + 7*k + 4. Let q be n(7). Suppose -q*r + z - 5*z = -780, r + d*z - 196 = 0. Is r a composite number?
True
Let b(y) = 39*y - 2. Let z(j) = -116*j + 7. Let h(w) = 8*b(w) + 3*z(w). Suppose 2*a = -5*i - 23, -4*a = -4*i - a. Is h(i) a composite number?
False
Let a(q) = 77014*q**3 + q**2 + 30*q - 28. Is a(1) a prime number?
True
Suppose -3*s + 5*c = -767756, -24*s = -19*s - 5*c - 1279570. Is s a composite number?
False
Let h = -218696 - -320851. Is h a prime number?
False
Suppose 0 = s + 2*s + 5*q - 66987, -44671 = -2*s + q. Is s/4 - -1 - (-6)/(-4) prime?
False
Suppose 0 = -b + g + 17, 4*b - g = 4*g + 63. Suppose 5*t - 4*t = y - 7, -4*t - b = -y. Suppose 0 = n - y, 3*s - 3*n - n - 1393 = 0. Is s composite?
False
Is (-3)/4 + ((-20)/((-280)/(-561666)))/(-4) prime?
False
Suppose -2*z = -10, z + 756 + 30827 = 4*s. Is s a prime number?
False
Let t(x) = 511*x**2 + 53*x - 9. Let w be t(7). Is (1 - w/6)/(12/(-24)) a composite number?
True
Suppose -2*q - 42 = -3*q - f, 5 = f. Let b = 38 - q. Is (0 - b) + 201 - -3 composite?
True
Suppose -35*x = -23*x - 10956. Suppose 9*m - x = -2*m. Is m a prime number?
True
Let x(a) = 10*a**3 - 24*a**2 + 108*a + 102. Is x(26) a prime number?
False
Let n be (-420516)/(-34) - (-24)/(-204). Let c be (-2)/(-3) + n/24. Let f = c - -491. Is f prime?
False
Let w(q) = q**2 - 6*q - 12. Let i be w(8). Let x be 12/i*(-8)/(-12). Suppose 2*g + x = 0, 5*g + 896 = 3*b + 60. Is b a composite number?
False
Let x be 3/(-9) + (-1014)/9. Let q = x - -117. Suppose -2*d = h + q*h - 18927, -h - 2*d + 3779 = 0. Is h composite?
True
Suppose -81*v + 10979967 = -145477446. Is v a composite number?
True
Let o(p) = 2228*p**3 - 3*p**2 - p + 3. Let v(y) = y**2 + 11*y + 25. Let x be v(-8). Is o(x) prime?
False
Let w be (-3)/(-6) - (-19362)/(-28). Let s = 39138 + w. Is s prime?
True
Let j(k) = 92392*k - 221. Is j(1) a composite number?
True
Let k = 4 - 5. Let t be k*(-33)/(-27) - 4/(-18). Is t - -1 - (-381 + 2) a prime number?
True
Let t(u) = -311*u + 1616. Is t(-87) a prime number?
False
Is ((-15)/((-225)/(-20)))/((-4)/28887) prime?
True
Let f be 5*3/75 + (-6294)/(-5). Suppose 8*i - 3*i - f = a, i - 5*a - 271 = 0. Is i a composite number?
False
Let a(g) = -g**3 - 11*g**2 + 12*g + 3. Let q be a(-12). Suppose 0 = q*c + 3*i - 53346, -2*i - 43893 - 27241 = -4*c. Is c a prime number?
True
Let q(i) = 6237*i + 529. Is q(16) a prime number?
False
Let n(m) = m**2 + 22*m + 22. Let h be n(-19). Let a be 494*(-71)/(-5)*h/(-14). Suppose 1282 = -5*o + a. Is o prime?
True
Let f(v) = -2*v - 11. Let s be f(-5). Let p(n) = 54*n - 1. Let j(l) = 325*l - 6. Let d(h) = 6*j(h) - 39*p(h). Is d(s) a composite number?
True
Let z = -338365 + 490128. Is z a composite number?
True
Let y(t) = 27*t + 71. Let v(r) = 2*r + 2. Let x be v(8). Is y(x) composite?
False
Let s(o) = -o**3 - 9*o**2 + 4*o + 82. Let t be s(-8). Let u(p) = -39*p - 3*p - 14*p + 1. Is u(t) a prime number?
False
Let p(d) = d**3 + 7*d**2 + d + 9. Let q be p(-7). Suppose 5*u - 3*o + 5*o + 1091 = 0, -2*u - q*o - 434 = 0. Let l = -32 - u. Is l a composite number?
True
Let z = -16114 - -21573. Is z prime?
False
Let j(u) = 22 - 4 + 37*u - 65*u. Let f be j(-18). Suppose -2*x - 4*l + f = -0*l, 0 = -3*x - 5*l + 785. Is x a composite number?
True
Suppose -9 = -4*f + 3*m 